{"id":44,"date":"2015-03-19T16:58:49","date_gmt":"2015-03-19T15:58:49","guid":{"rendered":"http:\/\/www.specialverre.com\/site\/?page_id=44"},"modified":"2018-11-20T16:00:44","modified_gmt":"2018-11-20T15:00:44","slug":"soufflage-de-verre","status":"publish","type":"page","link":"https:\/\/www.specialverre.com\/site\/soufflage-de-verre\/","title":{"rendered":"Soufflage de verre"},"content":{"rendered":"<h2>La comp\u00e9tence \u00e0 votre service<\/h2>\n<p>Sp\u00e9cialiste du soufflage de verre de laboratoire, notre atelier dispose de 3 souffleurs de verre qui r\u00e9aliseront vos pi\u00e8ces uniques ou de s\u00e9rie\u00a0les plus complexes, sur mesures, selon un croquis ou un mod\u00e8le. De plus, nous effectuons aussi toutes sortes de r\u00e9parations sur des fabrications mais aussi sur la verrerie courante.<\/p>\n<p>SPECIAL VERRE fabrique, r\u00e9pare et distribue tout type de verrerie de laboratoire.<\/p>\n<p><a href=\"http:\/\/www.specialverre.com\/site\/wp-content\/uploads\/2015\/03\/SpecialVerre-Preview-1.jpg\"><img fetchpriority=\"high\" decoding=\"async\" class=\"alignnone size-full wp-image-25\" src=\"http:\/\/www.specialverre.com\/site\/wp-content\/uploads\/2015\/03\/SpecialVerre-Preview-1.jpg\" alt=\"SpecialVerre-Preview-1\" width=\"1280\" height=\"853\" \/><\/a><\/p>\n","protected":false},"excerpt":{"rendered":"<p>La comp\u00e9tence \u00e0 votre service Sp\u00e9cialiste du soufflage de verre de laboratoire, notre atelier dispose de 3 souffleurs de verre qui r\u00e9aliseront vos pi\u00e8ces uniques ou de s\u00e9rie\u00a0les plus complexes, sur mesures, selon un croquis ou un mod\u00e8le. De plus, nous effectuons aussi toutes sortes de r\u00e9parations sur des fabrications mais aussi sur la verrerie [&hellip;]<\/p>\n","protected":false},"author":1,"featured_media":0,"parent":0,"menu_order":0,"comment_status":"closed","ping_status":"open","template":"","meta":{"footnotes":""},"class_list":["post-44","page","type-page","status-publish","hentry"],"yoast_head":"<!-- This site is optimized with the Yoast SEO plugin v27.6 - https:\/\/yoast.com\/product\/yoast-seo-wordpress\/ -->\n<title>Soufflage de verre - Sp\u00e9cial Verre<\/title>\n<meta name=\"robots\" content=\"index, follow, max-snippet:-1, max-image-preview:large, max-video-preview:-1\" \/>\n<link rel=\"canonical\" href=\"https:\/\/www.specialverre.com\/site\/soufflage-de-verre\/\" \/>\n<meta property=\"og:locale\" content=\"fr_FR\" \/>\n<meta property=\"og:type\" content=\"article\" \/>\n<meta property=\"og:title\" content=\"Soufflage de verre - Sp\u00e9cial Verre\" \/>\n<meta property=\"og:description\" content=\"La comp\u00e9tence \u00e0 votre service Sp\u00e9cialiste du soufflage de verre de laboratoire, notre atelier dispose de 3 souffleurs de verre qui r\u00e9aliseront vos pi\u00e8ces uniques ou de s\u00e9rie\u00a0les plus complexes, sur mesures, selon un croquis ou un mod\u00e8le. De plus, nous effectuons aussi toutes sortes de r\u00e9parations sur des fabrications mais aussi sur la verrerie [&hellip;]\" \/>\n<meta property=\"og:url\" content=\"https:\/\/www.specialverre.com\/site\/soufflage-de-verre\/\" \/>\n<meta property=\"og:site_name\" content=\"Sp\u00e9cial Verre\" \/>\n<meta property=\"article:modified_time\" content=\"2018-11-20T15:00:44+00:00\" \/>\n<meta property=\"og:image\" content=\"http:\/\/www.specialverre.com\/site\/wp-content\/uploads\/2015\/03\/SpecialVerre-Preview-1.jpg\" \/>\n<meta name=\"twitter:card\" content=\"summary_large_image\" \/>\n<script type=\"application\/ld+json\" class=\"yoast-schema-graph\">{\"@context\":\"https:\\\/\\\/schema.org\",\"@graph\":[{\"@type\":\"WebPage\",\"@id\":\"https:\\\/\\\/www.specialverre.com\\\/site\\\/soufflage-de-verre\\\/\",\"url\":\"https:\\\/\\\/www.specialverre.com\\\/site\\\/soufflage-de-verre\\\/\",\"name\":\"Soufflage de verre - Sp\u00e9cial Verre\",\"isPartOf\":{\"@id\":\"https:\\\/\\\/www.specialverre.com\\\/site\\\/#website\"},\"primaryImageOfPage\":{\"@id\":\"https:\\\/\\\/www.specialverre.com\\\/site\\\/soufflage-de-verre\\\/#primaryimage\"},\"image\":{\"@id\":\"https:\\\/\\\/www.specialverre.com\\\/site\\\/soufflage-de-verre\\\/#primaryimage\"},\"thumbnailUrl\":\"http:\\\/\\\/www.specialverre.com\\\/site\\\/wp-content\\\/uploads\\\/2015\\\/03\\\/SpecialVerre-Preview-1.jpg\",\"datePublished\":\"2015-03-19T15:58:49+00:00\",\"dateModified\":\"2018-11-20T15:00:44+00:00\",\"breadcrumb\":{\"@id\":\"https:\\\/\\\/www.specialverre.com\\\/site\\\/soufflage-de-verre\\\/#breadcrumb\"},\"inLanguage\":\"fr-FR\",\"potentialAction\":[{\"@type\":\"ReadAction\",\"target\":[\"https:\\\/\\\/www.specialverre.com\\\/site\\\/soufflage-de-verre\\\/\"]}]},{\"@type\":\"ImageObject\",\"inLanguage\":\"fr-FR\",\"@id\":\"https:\\\/\\\/www.specialverre.com\\\/site\\\/soufflage-de-verre\\\/#primaryimage\",\"url\":\"http:\\\/\\\/www.specialverre.com\\\/site\\\/wp-content\\\/uploads\\\/2015\\\/03\\\/SpecialVerre-Preview-1.jpg\",\"contentUrl\":\"http:\\\/\\\/www.specialverre.com\\\/site\\\/wp-content\\\/uploads\\\/2015\\\/03\\\/SpecialVerre-Preview-1.jpg\"},{\"@type\":\"BreadcrumbList\",\"@id\":\"https:\\\/\\\/www.specialverre.com\\\/site\\\/soufflage-de-verre\\\/#breadcrumb\",\"itemListElement\":[{\"@type\":\"ListItem\",\"position\":1,\"name\":\"Accueil\",\"item\":\"https:\\\/\\\/www.specialverre.com\\\/site\\\/\"},{\"@type\":\"ListItem\",\"position\":2,\"name\":\"Soufflage de verre\"}]},{\"@type\":\"WebSite\",\"@id\":\"https:\\\/\\\/www.specialverre.com\\\/site\\\/#website\",\"url\":\"https:\\\/\\\/www.specialverre.com\\\/site\\\/\",\"name\":\"Sp\u00e9cial Verre\",\"description\":\"Atelier de soufflage de verre\",\"potentialAction\":[{\"@type\":\"SearchAction\",\"target\":{\"@type\":\"EntryPoint\",\"urlTemplate\":\"https:\\\/\\\/www.specialverre.com\\\/site\\\/?s={search_term_string}\"},\"query-input\":{\"@type\":\"PropertyValueSpecification\",\"valueRequired\":true,\"valueName\":\"search_term_string\"}}],\"inLanguage\":\"fr-FR\"}]}<\/script>\n<!-- \/ Yoast SEO plugin. -->","yoast_head_json":{"title":"Soufflage de verre - Sp\u00e9cial Verre","robots":{"index":"index","follow":"follow","max-snippet":"max-snippet:-1","max-image-preview":"max-image-preview:large","max-video-preview":"max-video-preview:-1"},"canonical":"https:\/\/www.specialverre.com\/site\/soufflage-de-verre\/","og_locale":"fr_FR","og_type":"article","og_title":"Soufflage de verre - Sp\u00e9cial Verre","og_description":"La comp\u00e9tence \u00e0 votre service Sp\u00e9cialiste du soufflage de verre de laboratoire, notre atelier dispose de 3 souffleurs de verre qui r\u00e9aliseront vos pi\u00e8ces uniques ou de s\u00e9rie\u00a0les plus complexes, sur mesures, selon un croquis ou un mod\u00e8le. De plus, nous effectuons aussi toutes sortes de r\u00e9parations sur des fabrications mais aussi sur la verrerie [&hellip;]","og_url":"https:\/\/www.specialverre.com\/site\/soufflage-de-verre\/","og_site_name":"Sp\u00e9cial Verre","article_modified_time":"2018-11-20T15:00:44+00:00","og_image":[{"url":"http:\/\/www.specialverre.com\/site\/wp-content\/uploads\/2015\/03\/SpecialVerre-Preview-1.jpg","type":"","width":"","height":""}],"twitter_card":"summary_large_image","schema":{"@context":"https:\/\/schema.org","@graph":[{"@type":"WebPage","@id":"https:\/\/www.specialverre.com\/site\/soufflage-de-verre\/","url":"https:\/\/www.specialverre.com\/site\/soufflage-de-verre\/","name":"Soufflage de verre - Sp\u00e9cial Verre","isPartOf":{"@id":"https:\/\/www.specialverre.com\/site\/#website"},"primaryImageOfPage":{"@id":"https:\/\/www.specialverre.com\/site\/soufflage-de-verre\/#primaryimage"},"image":{"@id":"https:\/\/www.specialverre.com\/site\/soufflage-de-verre\/#primaryimage"},"thumbnailUrl":"http:\/\/www.specialverre.com\/site\/wp-content\/uploads\/2015\/03\/SpecialVerre-Preview-1.jpg","datePublished":"2015-03-19T15:58:49+00:00","dateModified":"2018-11-20T15:00:44+00:00","breadcrumb":{"@id":"https:\/\/www.specialverre.com\/site\/soufflage-de-verre\/#breadcrumb"},"inLanguage":"fr-FR","potentialAction":[{"@type":"ReadAction","target":["https:\/\/www.specialverre.com\/site\/soufflage-de-verre\/"]}]},{"@type":"ImageObject","inLanguage":"fr-FR","@id":"https:\/\/www.specialverre.com\/site\/soufflage-de-verre\/#primaryimage","url":"http:\/\/www.specialverre.com\/site\/wp-content\/uploads\/2015\/03\/SpecialVerre-Preview-1.jpg","contentUrl":"http:\/\/www.specialverre.com\/site\/wp-content\/uploads\/2015\/03\/SpecialVerre-Preview-1.jpg"},{"@type":"BreadcrumbList","@id":"https:\/\/www.specialverre.com\/site\/soufflage-de-verre\/#breadcrumb","itemListElement":[{"@type":"ListItem","position":1,"name":"Accueil","item":"https:\/\/www.specialverre.com\/site\/"},{"@type":"ListItem","position":2,"name":"Soufflage de verre"}]},{"@type":"WebSite","@id":"https:\/\/www.specialverre.com\/site\/#website","url":"https:\/\/www.specialverre.com\/site\/","name":"Sp\u00e9cial Verre","description":"Atelier de soufflage de verre","potentialAction":[{"@type":"SearchAction","target":{"@type":"EntryPoint","urlTemplate":"https:\/\/www.specialverre.com\/site\/?s={search_term_string}"},"query-input":{"@type":"PropertyValueSpecification","valueRequired":true,"valueName":"search_term_string"}}],"inLanguage":"fr-FR"}]}},"_links":{"self":[{"href":"https:\/\/www.specialverre.com\/site\/wp-json\/wp\/v2\/pages\/44","targetHints":{"allow":["GET"]}}],"collection":[{"href":"https:\/\/www.specialverre.com\/site\/wp-json\/wp\/v2\/pages"}],"about":[{"href":"https:\/\/www.specialverre.com\/site\/wp-json\/wp\/v2\/types\/page"}],"author":[{"embeddable":true,"href":"https:\/\/www.specialverre.com\/site\/wp-json\/wp\/v2\/users\/1"}],"replies":[{"embeddable":true,"href":"https:\/\/www.specialverre.com\/site\/wp-json\/wp\/v2\/comments?post=44"}],"version-history":[{"count":3,"href":"https:\/\/www.specialverre.com\/site\/wp-json\/wp\/v2\/pages\/44\/revisions"}],"predecessor-version":[{"id":266,"href":"https:\/\/www.specialverre.com\/site\/wp-json\/wp\/v2\/pages\/44\/revisions\/266"}],"wp:attachment":[{"href":"https:\/\/www.specialverre.com\/site\/wp-json\/wp\/v2\/media?parent=44"}],"curies":[{"name":"wp","href":"https:\/\/api.w.org\/{rel}","templated":true}]}}