{"id":31,"date":"2015-03-19T16:38:49","date_gmt":"2015-03-19T15:38:49","guid":{"rendered":"http:\/\/www.specialverre.com\/site\/?page_id=31"},"modified":"2016-07-19T15:49:17","modified_gmt":"2016-07-19T14:49:17","slug":"special-verre-soufflage-de-verre-de-laboratoire","status":"publish","type":"page","link":"https:\/\/www.specialverre.com\/site\/","title":{"rendered":"SPECIAL VERRE<br \/> Soufflage de verre de laboratoire"},"content":{"rendered":"<p>SPECIAL VERRE est experte dans le domaine du soufflage de verre et dans la distribution de mat\u00e9riel de laboratoire<\/p>\n<ul>\n<li>Plus de 40 ans d\u2019exp\u00e9rience du soufflage de verre de laboratoire.<\/li>\n<li>Une r\u00e9putation construite sur le s\u00e9rieux et un service de qualit\u00e9.<\/li>\n<li>La passion guid\u00e9e par l\u2019esprit de famille.<\/li>\n<li>Une entreprise dynamique \u00e0 votre \u00e9coute.<\/li>\n<\/ul>\n<p>Notre ambition est de toujours offrir \u00e0 nos clients le meilleur service.<\/p>\n<p><a href=\"http:\/\/www.specialverre.com\/site\/wp-content\/uploads\/2015\/03\/soufflage-verre.jpg\"><img fetchpriority=\"high\" decoding=\"async\" class=\"alignnone size-full wp-image-11\" src=\"http:\/\/www.specialverre.com\/site\/wp-content\/uploads\/2015\/03\/soufflage-verre.jpg\" alt=\"Mat\u00e9riel de laboratoire\" width=\"650\" height=\"237\" \/><\/a><\/p>\n","protected":false},"excerpt":{"rendered":"<p>SPECIAL VERRE est experte dans le domaine du soufflage de verre et dans la distribution de mat\u00e9riel de laboratoire Plus de 40 ans d\u2019exp\u00e9rience du soufflage de verre de laboratoire. Une r\u00e9putation construite sur le s\u00e9rieux et un service de qualit\u00e9. La passion guid\u00e9e par l\u2019esprit de famille. Une entreprise dynamique \u00e0 votre \u00e9coute. Notre [&hellip;]<\/p>\n","protected":false},"author":1,"featured_media":0,"parent":0,"menu_order":0,"comment_status":"closed","ping_status":"open","template":"","meta":{"footnotes":""},"class_list":["post-31","page","type-page","status-publish","hentry"],"yoast_head":"<!-- This site is optimized with the Yoast SEO plugin v24.3 - https:\/\/yoast.com\/wordpress\/plugins\/seo\/ -->\n<title>SPECIAL VERRE Soufflage de verre de laboratoire - Sp\u00e9cial Verre<\/title>\n<meta name=\"robots\" content=\"index, follow, max-snippet:-1, max-image-preview:large, max-video-preview:-1\" \/>\n<link rel=\"canonical\" href=\"https:\/\/www.specialverre.com\/site\/\" \/>\n<meta property=\"og:locale\" content=\"fr_FR\" \/>\n<meta property=\"og:type\" content=\"article\" \/>\n<meta property=\"og:title\" content=\"SPECIAL VERRE Soufflage de verre de laboratoire - Sp\u00e9cial Verre\" \/>\n<meta property=\"og:description\" content=\"SPECIAL VERRE est experte dans le domaine du soufflage de verre et dans la distribution de mat\u00e9riel de laboratoire Plus de 40 ans d\u2019exp\u00e9rience du soufflage de verre de laboratoire. Une r\u00e9putation construite sur le s\u00e9rieux et un service de qualit\u00e9. La passion guid\u00e9e par l\u2019esprit de famille. Une entreprise dynamique \u00e0 votre \u00e9coute. Notre [&hellip;]\" \/>\n<meta property=\"og:url\" content=\"https:\/\/www.specialverre.com\/site\/\" \/>\n<meta property=\"og:site_name\" content=\"Sp\u00e9cial Verre\" \/>\n<meta property=\"article:modified_time\" content=\"2016-07-19T14:49:17+00:00\" \/>\n<meta property=\"og:image\" content=\"http:\/\/www.specialverre.com\/site\/wp-content\/uploads\/2015\/03\/soufflage-verre.jpg\" \/>\n<meta name=\"twitter:card\" content=\"summary_large_image\" \/>\n<script type=\"application\/ld+json\" class=\"yoast-schema-graph\">{\"@context\":\"https:\/\/schema.org\",\"@graph\":[{\"@type\":\"WebPage\",\"@id\":\"https:\/\/www.specialverre.com\/site\/\",\"url\":\"https:\/\/www.specialverre.com\/site\/\",\"name\":\"SPECIAL VERRE Soufflage de verre de laboratoire - Sp\u00e9cial Verre\",\"isPartOf\":{\"@id\":\"https:\/\/www.specialverre.com\/site\/#website\"},\"primaryImageOfPage\":{\"@id\":\"https:\/\/www.specialverre.com\/site\/#primaryimage\"},\"image\":{\"@id\":\"https:\/\/www.specialverre.com\/site\/#primaryimage\"},\"thumbnailUrl\":\"http:\/\/www.specialverre.com\/site\/wp-content\/uploads\/2015\/03\/soufflage-verre.jpg\",\"datePublished\":\"2015-03-19T15:38:49+00:00\",\"dateModified\":\"2016-07-19T14:49:17+00:00\",\"breadcrumb\":{\"@id\":\"https:\/\/www.specialverre.com\/site\/#breadcrumb\"},\"inLanguage\":\"fr-FR\",\"potentialAction\":[{\"@type\":\"ReadAction\",\"target\":[\"https:\/\/www.specialverre.com\/site\/\"]}]},{\"@type\":\"ImageObject\",\"inLanguage\":\"fr-FR\",\"@id\":\"https:\/\/www.specialverre.com\/site\/#primaryimage\",\"url\":\"\",\"contentUrl\":\"\"},{\"@type\":\"BreadcrumbList\",\"@id\":\"https:\/\/www.specialverre.com\/site\/#breadcrumb\",\"itemListElement\":[{\"@type\":\"ListItem\",\"position\":1,\"name\":\"Accueil\",\"item\":\"https:\/\/www.specialverre.com\/site\/\"},{\"@type\":\"ListItem\",\"position\":2,\"name\":\"SPECIAL VERRE Soufflage de verre de laboratoire\"}]},{\"@type\":\"WebSite\",\"@id\":\"https:\/\/www.specialverre.com\/site\/#website\",\"url\":\"https:\/\/www.specialverre.com\/site\/\",\"name\":\"Sp\u00e9cial Verre\",\"description\":\"Atelier de soufflage de verre\",\"potentialAction\":[{\"@type\":\"SearchAction\",\"target\":{\"@type\":\"EntryPoint\",\"urlTemplate\":\"https:\/\/www.specialverre.com\/site\/?s={search_term_string}\"},\"query-input\":{\"@type\":\"PropertyValueSpecification\",\"valueRequired\":true,\"valueName\":\"search_term_string\"}}],\"inLanguage\":\"fr-FR\"}]}<\/script>\n<!-- \/ Yoast SEO plugin. -->","yoast_head_json":{"title":"SPECIAL VERRE Soufflage de verre de laboratoire - Sp\u00e9cial Verre","robots":{"index":"index","follow":"follow","max-snippet":"max-snippet:-1","max-image-preview":"max-image-preview:large","max-video-preview":"max-video-preview:-1"},"canonical":"https:\/\/www.specialverre.com\/site\/","og_locale":"fr_FR","og_type":"article","og_title":"SPECIAL VERRE Soufflage de verre de laboratoire - Sp\u00e9cial Verre","og_description":"SPECIAL VERRE est experte dans le domaine du soufflage de verre et dans la distribution de mat\u00e9riel de laboratoire Plus de 40 ans d\u2019exp\u00e9rience du soufflage de verre de laboratoire. Une r\u00e9putation construite sur le s\u00e9rieux et un service de qualit\u00e9. La passion guid\u00e9e par l\u2019esprit de famille. Une entreprise dynamique \u00e0 votre \u00e9coute. Notre [&hellip;]","og_url":"https:\/\/www.specialverre.com\/site\/","og_site_name":"Sp\u00e9cial Verre","article_modified_time":"2016-07-19T14:49:17+00:00","og_image":[{"url":"http:\/\/www.specialverre.com\/site\/wp-content\/uploads\/2015\/03\/soufflage-verre.jpg","type":"","width":"","height":""}],"twitter_card":"summary_large_image","schema":{"@context":"https:\/\/schema.org","@graph":[{"@type":"WebPage","@id":"https:\/\/www.specialverre.com\/site\/","url":"https:\/\/www.specialverre.com\/site\/","name":"SPECIAL VERRE Soufflage de verre de laboratoire - Sp\u00e9cial Verre","isPartOf":{"@id":"https:\/\/www.specialverre.com\/site\/#website"},"primaryImageOfPage":{"@id":"https:\/\/www.specialverre.com\/site\/#primaryimage"},"image":{"@id":"https:\/\/www.specialverre.com\/site\/#primaryimage"},"thumbnailUrl":"http:\/\/www.specialverre.com\/site\/wp-content\/uploads\/2015\/03\/soufflage-verre.jpg","datePublished":"2015-03-19T15:38:49+00:00","dateModified":"2016-07-19T14:49:17+00:00","breadcrumb":{"@id":"https:\/\/www.specialverre.com\/site\/#breadcrumb"},"inLanguage":"fr-FR","potentialAction":[{"@type":"ReadAction","target":["https:\/\/www.specialverre.com\/site\/"]}]},{"@type":"ImageObject","inLanguage":"fr-FR","@id":"https:\/\/www.specialverre.com\/site\/#primaryimage","url":"","contentUrl":""},{"@type":"BreadcrumbList","@id":"https:\/\/www.specialverre.com\/site\/#breadcrumb","itemListElement":[{"@type":"ListItem","position":1,"name":"Accueil","item":"https:\/\/www.specialverre.com\/site\/"},{"@type":"ListItem","position":2,"name":"SPECIAL VERRE Soufflage de verre de laboratoire"}]},{"@type":"WebSite","@id":"https:\/\/www.specialverre.com\/site\/#website","url":"https:\/\/www.specialverre.com\/site\/","name":"Sp\u00e9cial Verre","description":"Atelier de soufflage de verre","potentialAction":[{"@type":"SearchAction","target":{"@type":"EntryPoint","urlTemplate":"https:\/\/www.specialverre.com\/site\/?s={search_term_string}"},"query-input":{"@type":"PropertyValueSpecification","valueRequired":true,"valueName":"search_term_string"}}],"inLanguage":"fr-FR"}]}},"_links":{"self":[{"href":"https:\/\/www.specialverre.com\/site\/wp-json\/wp\/v2\/pages\/31","targetHints":{"allow":["GET"]}}],"collection":[{"href":"https:\/\/www.specialverre.com\/site\/wp-json\/wp\/v2\/pages"}],"about":[{"href":"https:\/\/www.specialverre.com\/site\/wp-json\/wp\/v2\/types\/page"}],"author":[{"embeddable":true,"href":"https:\/\/www.specialverre.com\/site\/wp-json\/wp\/v2\/users\/1"}],"replies":[{"embeddable":true,"href":"https:\/\/www.specialverre.com\/site\/wp-json\/wp\/v2\/comments?post=31"}],"version-history":[{"count":3,"href":"https:\/\/www.specialverre.com\/site\/wp-json\/wp\/v2\/pages\/31\/revisions"}],"predecessor-version":[{"id":82,"href":"https:\/\/www.specialverre.com\/site\/wp-json\/wp\/v2\/pages\/31\/revisions\/82"}],"wp:attachment":[{"href":"https:\/\/www.specialverre.com\/site\/wp-json\/wp\/v2\/media?parent=31"}],"curies":[{"name":"wp","href":"https:\/\/api.w.org\/{rel}","templated":true}]}}